-2, 418 = 5*v + g. Calculate the highest common factor of v and 12.
12
Suppose 3*t - 174 = -0*t. Let v be 1/5 - t/(-10). Calculate the highest common factor of v and 6.
6
Let v be 8/((-2)/(-3 - 1)). Let k(h) = h**3 - 3*h**2 + 3*h - 4. Let t be k(3). Let d = v + t. What is the greatest common divisor of d and 14?
7
Suppose 15*u = 19*u - 36. Calculate the highest common factor of u and 2.
1
Let o be 3 - ((-9)/(-3) + -3) - -34. What is the greatest common factor of o and 148?
37
Suppose -3*y = 2*b - 57, -3*y + 8*y = 5. Let v be -1*(-1851)/45 - (-6)/(-45). Let i = v - b. What is the greatest common divisor of 154 and i?
14
Suppose 86 = k - t, 0 = 2*k + 5*t + 29 - 215. Let p(l) = -3*l + 3. Let g be p(2). Let v be 12 - g/(-3*1). What is the highest common divisor of v and k?
11
Let h = -596 - 572. Let n(g) = g**2 + 2*g - 1. Let u be n(-3). Let b be h/(-28) - u/(-7). What is the highest common divisor of 14 and b?
14
Suppose -o - 4*o + 10 = 0. Let s be 4 - (-2 - (-3 - 1)). What is the greatest common divisor of o and s?
2
Suppose 6*z - 7 = -1. Calculate the highest common divisor of 8 and z.
1
Let n be (1 - -25) + 6/(-3). Suppose 4*i - 44 = n. Calculate the highest common divisor of 119 and i.
17
Let u = 120 - 75. What is the greatest common divisor of u and 5?
5
Suppose -2 = -w, -2*w - w + 206 = 4*h. Let j = 146 - h. What is the greatest common divisor of j and 12?
12
Let w(j) = -j**3 + j**2 - 3*j - 3. Let a be w(-1). What is the greatest common factor of a and 28?
2
Suppose 0 = -2*x - 4*z - 44, 4*x - 2*x + z = -59. Let o be (-1 - x) + (0 - 1). Let w = 134 - 114. What is the greatest common divisor of o and w?
10
Let s(k) = 4*k. Let q be s(8). What is the highest common factor of 48 and q?
16
Let d(f) = -f**3 - 5*f**2 + 2*f - 4. Let q be d(-6). Let c(x) = x**3 + 17*x**2 - 5*x - 35. Let l be c(-17). What is the highest common factor of q and l?
10
Let b be 190/1 + -1 + -2. Suppose -3*u + b + 23 = 5*l, -2*l + 84 = -5*u. Calculate the greatest common factor of 6 and l.
6
Let x be (6/(-3))/(2/(-19)). Suppose l = -4*r + 130, 4*r - 140 = -0*r + 4*l. Let k = r - x. What is the greatest common factor of k and 56?
14
Let t(l) = l**3 - 2*l**2 - 4*l - 3. Let m be t(5). Calculate the greatest common divisor of m and 13.
13
Suppose 4*k + 0*k - 24 = 0. Let a = 36 - k. What is the greatest common factor of a and 10?
10
Suppose 5*a + 579 = 4*k - 179, 5*k - 925 = -5*a. What is the greatest common factor of 17 and k?
17
Suppose x = 2*x + 5*z + 16, -2*x + 8 = 2*z. Calculate the greatest common factor of 6 and x.
3
Let s be -1 + (1/(-1) - -8). Let z be 4/(-6)*30/(-4). Suppose 2*f + 2*f + 16 = 0, -z*f - 8 = 4*k. Calculate the highest common divisor of k and s.
3
Let u be (81/18)/(3/4). What is the greatest common factor of 12 and u?
6
Suppose 5*s = -175 + 675. Suppose x - 6*x + s = 0. Let l(h) = h**2 + 4*h - 7. Let n be l(-6). What is the greatest common divisor of x and n?
5
Suppose 2*a - 80 = a. Let y(b) = 2*b + 2. Let n be y(4). What is the highest common divisor of a and n?
10
Let g be (-9)/(-6)*(-16)/(-6). Suppose -g*m + 34 = -54. Calculate the highest common divisor of m and 55.
11
Let s(k) = -k**3 - 4*k**2. Suppose -5*g - 3 = 22. Let i be s(g). Let w be i - (3/1 - 0). Calculate the greatest common factor of w and 242.
22
Let v = 7 - 4. Let g(a) = a**3 + 3 + 5*a - 3*a + a**3 + 2*a**2. Let r be g(v). Calculate the greatest common factor of r and 9.
9
Suppose 0 = -4*s - s, 2*b + 5*s = 32. What is the greatest common factor of 176 and b?
16
Let q(r) be the second derivative of r**3/6 + 11*r**2/2 + 3*r. Let d be q(-8). Let m = -3 + 4. What is the highest common divisor of m and d?
1
Let o = 105 + -63. Calculate the highest common divisor of o and 28.
14
Let b be (-59)/(-3) + (-2)/3. Let d = b - 9. Calculate the highest common factor of d and 40.
10
Let w be ((-24)/7)/(2/(-14)). Calculate the highest common divisor of 72 and w.
24
Let i be -2 + 1 + (153 - -1). Let d = 257 - i. What is the highest common factor of 13 and d?
13
Let q be 2/(6/(-33)) - -2. Let k be -7 - 6/q*-3. Let w be 3/k - (-76)/3. Calculate the highest common factor of 5 and w.
5
Let d be -1 + 116 + (0 - 0). What is the greatest common divisor of 23 and d?
23
Let t = -4 - -6. Suppose -t*h + h - 3 = 0. Let y be ((-65)/2)/(h/6). Calculate the highest common divisor of 26 and y.
13
Let h = 4 + 3. Let v(k) = -k + 7. Let o be v(h). Suppose 0*p + 4*p - 4 = o. What is the highest common divisor of p and 9?
1
Suppose 319 = 9*d + 2*d. What is the highest common factor of d and 116?
29
Suppose 0 = 2*k + 6 - 24. Calculate the greatest common divisor of 3 and k.
3
Suppose -5 = s + 2*z, 5*z + 14 + 3 = -s. Suppose s*r - 127 = -4*f + 4*r, 4*f - 3*r = 125. Calculate the highest common factor of 8 and f.
8
Suppose 2*j - 3*c = 33, -j = j + 4*c - 12. What is the greatest common divisor of 3 and j?
3
Suppose 0*t - 2*t + 294 = -2*s, -4*s = -5*t + 736. Calculate the highest common divisor of 37 and t.
37
Let x = 5 - 1. Suppose p = -x*p + 10. Suppose -p*o + 46 = 4. Calculate the greatest common divisor of 7 and o.
7
Suppose 11 - 74 = -3*i. What is the greatest common divisor of i and 63?
21
Let g be (-184)/(-3) + (-44)/33. Calculate the greatest common divisor of g and 12.
12
Let t = 30 + -24. Calculate the greatest common factor of t and 4.
2
Let g = -74 + 139. Let z(a) = a**3 + 4*a. Let o be z(-3). Let i = g + o. What is the greatest common factor of 39 and i?
13
Suppose 3*l - 4*v - 22 = 0, -3*l + 2*v - 6*v + 62 = 0. What is the greatest common factor of l and 4?
2
Let o(u) = 3*u**3 - 3*u**2 + u - 2. Let w be o(2). What is the greatest common divisor of w and 12?
12
Suppose 0 = -4*h + 571 + 133. Suppose 24 = i + 4*w, -i = 3*i - 4*w - h. Calculate the highest common divisor of 10 and i.
10
Suppose -17*t + 84 = -15*t. Calculate the greatest common factor of 14 and t.
14
Suppose 0 = -2*a + a. Suppose -4*c + 6*c - 18 = a. Let g be ((-22)/8)/(2/(-72)). Calculate the highest common divisor of c and g.
9
Suppose 3*g - 306 = -3*g. Calculate the greatest common factor of 204 and g.
51
Suppose -4 = 2*p - 8, -p = 3*a + 199. Let l be a/(-2) - 2/(-4). Calculate the highest common factor of 85 and l.
17
Suppose h - 2 - 2 = 0. Let y(p) = 5*p**2 - 2*p - 4. Let j be y(-4). Suppose h*t = -3*c + 68, -4*t = c + 3*c - j. What is the greatest common factor of 40 and c?
8
Let u(d) = -6*d - 12. Let o be u(-6). Let s = 44 - o. Calculate the highest common divisor of s and 50.
10
Suppose -36*t = -35*t - 13. Calculate the highest common factor of t and 143.
13
Let q(w) = -5*w + 3. Let a be q(2). Let r(s) = 3*s**2 + 3*s - 2*s**2 + 2*s - 6. Let x be r(a). What is the greatest common factor of 8 and x?
8
Suppose 4*g + 239 = -141. Let w = 138 + g. Suppose -2*n + w = -13. What is the greatest common divisor of n and 7?
7
Suppose 4*i - 5*j = 62, -3*i = -0*i - j - 52. Let c = -66 - -93. What is the highest common factor of c and i?
9
Suppose -66 - 22 = -4*z. What is the highest common factor of z and 154?
22
Let x(n) = 4*n**2 - 5*n - 2. Let d be x(-3). Suppose 2*v + v = 5*i - 74, v = -4*i + d. What is the greatest common divisor of i and 26?
13
Let f(d) = 17*d - 1. Let u be f(1). Suppose -z + 6*z + 4*q - 64 = 0, z - 12 = -q. Calculate the greatest common divisor of u and z.
16
Let p(h) be the second derivative of h**4/12 - h**3 - 5*h**2/2 - 2*h. Let y be p(7). Suppose z + y = 2*z. Calculate the greatest common divisor of 10 and z.
2
Let c be (-2)/(-2) + 12 - -2. Suppose -2*g + 3*a = -4, 4*a = -7*g + 2*g + 33. Suppose 539 = g*u - 286. Calculate the highest common divisor of u and c.
15
Suppose 0 = s - 2*s + 24. What is the greatest common divisor of s and 96?
24
Suppose 3*m = -2*d + 64, -4*m + 0*d + 108 = -3*d. What is the highest common factor of m and 6?
6
Let f(l) be the second derivative of l**4/12 + l**3/6 + l**2 + 2*l. Let k be f(0). What is the greatest common factor of k and 16?
2
Let w be 1*(2 - (-6 + -1)). Suppose 4*u = w - 1. Calculate the highest common factor of u and 4.
2
Suppose -14 = -0*c + c. Let u = c + 8. Let x = 8 + u. Calculate the greatest common divisor of 1 and x.
1
Suppose -110 = -3*w - 2*w. What is the highest common factor of 2 and w?
2
Suppose s = -s + 4*w + 16, -2*w = 4*s - 32. Calculate the highest common divisor of 4 and 